 = 61 + 66. List the prime factors of m.
127
Let t be 2/((-3)/((-6)/(-2))). Let v(x) = 3*x**2 - 2*x. Let s be v(t). Suppose -8 - s = -3*f. What are the prime factors of f?
2
Let a = -10 + 8. Let x = 12 + a. What are the prime factors of x/(-65) - 93/(-13)?
7
Suppose 2*d - 16 = -0*d. Let o = 15 + d. List the prime factors of o.
23
Let z(s) = -15*s**3 + 2*s - 6. Let x(o) = -14*o**3 + 2*o - 5. Let c(f) = -5*x(f) + 4*z(f). What are the prime factors of c(1)?
3
Let u(j) = -6*j - 4. Suppose 3 + 3 = -2*f. List the prime factors of u(f).
2, 7
Let i(y) = -y + 7. Let s be i(4). Suppose -3*n = s*z - 36, 22 - 2 = n + 3*z. Suppose n = -g + 5*g. What are the prime factors of g?
2
What are the prime factors of (-416)/(-24) + (-4)/(-6)?
2, 3
Let x = -1 + 3. Suppose 4*o - x*l = 40, -o + 2*l = -7 - 0. List the prime factors of o.
11
Let q(w) = 4*w - 4. Let o(d) = 2*d - 8. Let f(m) = 2*m - 8. Let r(i) = 5*f(i) - 4*o(i). Let k be r(7). What are the prime factors of q(k)?
2, 5
What are the prime factors of -3 + (162 - 3) - 1?
5, 31
Suppose 6 = 3*y, -3*k + 2*y + 1 = 5. Let t = 44 - 34. Suppose t = 5*m - k. List the prime factors of m.
2
Let b = -18 + 4. Let p be (-7)/b - 1/2. Suppose -16 = -w - v, -4*v + p = -4. What are the prime factors of w?
3, 5
Suppose 0*l = 4*l - 8. Suppose 0 = 2*d - 5*h - 23, 6*h = -l*d + h + 53. What are the prime factors of d?
19
Let f(v) = v**2 + 5*v. Let n be f(-3). Let l be (89 - -1)*n/4. What are the prime factors of l/(-9)*1/3?
5
What are the prime factors of (-3 + 1)/(11/(12089/(-14)))?
157
Let i(u) = -u**3 + 3*u**2 - 5*u. Let g(v) = -v**3 + 4*v**2 - 5*v. Let d(y) = 4*g(y) - 3*i(y). What are the prime factors of d(5)?
5
What are the prime factors of (-1 - -2)/(-4*6/(-2136))?
89
Let j be 4/(-10) + 3/(-5). Let b = j + -2. List the prime factors of 1 - (2 + -1) - b.
3
Let k be 0/5 + (3 - 1). Let g = k - 0. What are the prime factors of g?
2
Let d(k) = 0 - 3*k + 5*k + 5. What are the prime factors of d(7)?
19
Let z(p) = p**3 - 6*p**2 + 3*p + 10. Let t be z(5). What are the prime factors of t/(-3) - -26 - -1?
3
Suppose -30 = -6*b + b. Suppose b*z - 195 = z. What are the prime factors of z?
3, 13
Let s = 2 - 2. Let a = 0 + s. Let t = 3 - a. What are the prime factors of t?
3
Let q(v) = 21*v**2 + 7*v + 4. What are the prime factors of q(3)?
2, 107
Let r(u) be the third derivative of u**5/30 + u**3/3 + 4*u**2. Let q be r(2). List the prime factors of (q/8)/((-5)/(-40)).
2, 5
Let k be (-12)/9*12/8. What are the prime factors of 30 + (-4)/k - -1?
3, 11
Let v(a) = -a - 4. Let y be v(-5). Suppose -5*p = -5, -2*p = z - 3 - y. List the prime factors of ((-1)/z)/(1/(-20)).
2, 5
Let m(b) = b**2 + 8*b + 1. Let a be m(-7). Let z(q) = -q - 1. Let i be z(-4). List the prime factors of 16/i + 2/a.
5
Let y be (-1 - -3)*6/(-4). Let u(o) = -o**3 + o**2 - o + 5. Let k be u(0). Let x = k + y. List the prime factors of x.
2
Let h(c) = c**2 + c. Let r be h(-2). Suppose 2*n = -4*q + 12 + r, -q + 26 = 2*n. What are the prime factors of n?
3, 5
Suppose 4*c = -z + 46, -5*c = 2*z - 6*z + 100. List the prime factors of z.
2, 3, 5
Suppose -386 = 5*d - 1311. What are the prime factors of d?
5, 37
Let h(c) be the third derivative of -c**5/60 - c**4/6 - c**2. Let a be h(-3). Suppose -4*z + 30 = i, -2*i - 1 = a*z - 21. What are the prime factors of z?
2
Let f be (8/(-14))/(2/(-14)). Suppose f*r + 17 - 97 = 0. List the prime factors of r.
2, 5
Suppose 15*c - 782 = -2*c. What are the prime factors of c?
2, 23
Let g be -1 - -3 - 2 - -3. Let u be (-3 - -2)*-5 - g. What are the prime factors of (-1 + u)/(2/38)?
19
Let z(p) = p**2 + 2*p + 1. Let s be z(-1). Suppose s = 3*y + 2*h - 5, -3*y - h + 1 = 0. List the prime factors of ((-63)/14)/(y/2).
3
Let p(y) = 15*y**2 - 2*y + 1. List the prime factors of p(-2).
5, 13
Let j(u) = 5*u**3 + 2*u**2 - 4*u - 1. What are the prime factors of j(2)?
3, 13
Let k be (-1)/(1/3) + 10. Let r be (-92)/(-28) + (-2)/k. Suppose g - 2*n - 16 = n, 34 = r*g - 2*n. What are the prime factors of g?
2, 5
Let d be (-3 + 2)/((-2)/(-14)). Let c(y) = -3*y - 10. List the prime factors of c(d).
11
Suppose 5*i = 2*q - 35, -15 = 5*i - 5*q + 35. Let g be (-130)/(-12) + 1/6. Let t = g + i. List the prime factors of t.
2, 3
Let q be (6/(-15))/(2/10). Let v(o) = 3*o + 1. Let m be v(q). What are the prime factors of (-53)/m - 6/10?
2, 5
Suppose -3*w - 522 = -3*h, 3*w - w = h - 179. What are the prime factors of h?
13
Let h = 5 - 9. What are the prime factors of 1/h - 99/(-12)?
2
Let m(u) = -u + 11. Let g(k) = -6*k - k**2 - 4 + 4. Let y be g(-6). What are the prime factors of m(y)?
11
Suppose -6 + 22 = h. Let l = h - 7. List the prime factors of l.
3
Let l(r) = -11*r - 5. Let k be l(-5). Suppose 2*i = -3*h + 158, -2*i + 4*i - k = -h. What are the prime factors of h?
2, 3
Let v = 69 + 184. What are the prime factors of v?
11, 23
Suppose -4*i + 10 = -50. Suppose -2*n - i = -w, -5*w + n + 35 = -n. Suppose 5*g = q + q + 16, 4*g = w*q + 23. What are the prime factors of g?
2
Suppose 5*x - 4*g = -19, 6*g - 2*g - 13 = 3*x. Suppose 3*t = 4*t - 27. List the prime factors of (-3)/(t/x)*6.
2
Let j(f) = f**2 + 13*f + 15. Let g be j(-10). Let v = -11 - g. What are the prime factors of v?
2
Let h = 26 + 22. Suppose 3*w - 43 = -5*m, w = -3*w - 2*m + h. List the prime factors of w.
11
Let k(b) be the first derivative of -b**3/3 - 5*b**2/2 - 2*b + 2. Let x be k(-2). Suppose -3*i - 16 = -a, -50 + 16 = -x*a - 3*i. List the prime factors of a.
2, 5
Let j(o) = o**2 + 5*o + 6. List the prime factors of j(-6).
2, 3
Suppose -4*z + 50 = -4*r - 7*z, -4*r = 4*z + 52. Let k(j) = -3*j + 14. Let c be k(r). Suppose -5*m + c = 12. List the prime factors of m.
7
Suppose -n = 1 - 3. Suppose 0 = b - n*b + 8. List the prime factors of b.
2
Let x(h) = h**2 - 6*h - 1. List the prime factors of x(-4).
3, 13
Let p = 6 - -6. Suppose -17 = c + 3*j, c + 0*j = -2*j - p. What are the prime factors of (-21 + 1)*1/c?
2, 5
Let j = -23 - -67. Suppose -c - j = -5*c. What are the prime factors of c?
11
Suppose 3*g - g = 12. Suppose 0 = 4*y + 4*f - 20, -3*y - 7 + 22 = -4*f. Suppose -y*b + n + 27 = 0, -4*b + 18 = -g*n + 4*n. What are the prime factors of b?
2, 3
Let h be -1 + (-6)/(-2) + 3. Let i(o) = -o**2 + 4*o - 2. Let b be i(3). Let q = h - b. What are the prime factors of q?
2
Let p be (-6)/(-9)*54/4. Let u = -6 + p. What are the prime factors of u?
3
Let o = 16 + -9. Let l = o - -7. Suppose g - l = -2*g - 5*z, g + 2*z = 4. What are the prime factors of g?
2
Let d(q) = -q**3 + 17*q**2 - 20*q - 13. List the prime factors of d(15).
137
Suppose -b - 40 = -3*b. Suppose -2*f + 6*f = b. Suppose -3*g + 2*d + 27 = 0, -g - f*d - 7 = -3*g. What are the prime factors of g?
11
Let f(p) = -p**3 - 5*p**2 - 2*p - 7. Let s be f(-5). Suppose -5*g - s = -2*g. List the prime factors of (9 + g)*(-8)/(-4).
2
Suppose 4*g = 3*g + 53. What are the prime factors of g?
53
Let r be ((-9)/4)/(2/8). Let q(z) = z + 23. List the prime factors of q(r).
2, 7
Suppose 4*z + 88 = 2*i, -i + 5*z = i - 93. List the prime factors of i.
2, 17
Let j be (-4)/(-22) - (-336)/(-33). Let g = -7 - j. Suppose -4*n + n = 5*m - 62, g*n = -3*m + 36. List the prime factors of m.
13
Suppose -z + 15 = 2*z. List the prime factors of ((-14)/z - -2)*-15.
2, 3
Let c(i) be the third derivative of -7*i**4/24 + i**3/6 + 11*i**2. Suppose 0 = o + 2*f + 4, o - 4*f = -0*f + 2. What are the prime factors of c(o)?
3, 5
Let m = 107 - 35. List the prime factors of m.
2, 3
Suppose 0 = -42*s + 47*s - 590. List the prime factors of s.
2, 59
Suppose -3*g = 14 - 50. Suppose -v = -5*v + g. List the prime factors of v.
3
Suppose -5*g + 4*v - 16 = -149, -2*g - v = -48. Suppose 0 = z + 5*d - g - 6, -3 = 2*z - 3*d. What are the prime factors of z?
2, 3
Let p(c) = c**2 - 12*c + 12. Let a be p(10). What are the prime factors of a*(-2)/4*1?
2
Suppose 0*x = 3*x. Let j(a) = a**2 + 24. Let t be j(x). Suppose -3*p + 21 + t = 0. List the prime factors of p.
3, 5
Let z = 127 - -41. List the prime factors of z.
2, 3, 7
Suppose -2*i - 81 = -9. Let l = i - -52. List the prime factors of l.
2
Suppose -4*i + 62 + 90 = 0. What are the prime factors of i?
2, 19
Let c(i) = -i**2 - 8*i + 4. Suppose -2*q + 60 = 3*q. Let u = -18 + q. List the prime factors of c(u).
2
Suppose 3*n = 2*k - 136, 7*k = 4*k - n + 2